remainder when 45525 is divided by 1896.
21
What is the remainder when 77509 is divided by 25825?
34
Calculate the remainder when 9736 is divided by 694.
20
What is the remainder when 7305 is divided by 2414?
63
What is the remainder when 590645 is divided by 172?
169
What is the remainder when 154575 is divided by 80?
15
Calculate the remainder when 49907 is divided by 62.
59
What is the remainder when 23250 is divided by 2113?
7
What is the remainder when 311620 is divided by 27?
13
Calculate the remainder when 374761 is divided by 159.
157
Calculate the remainder when 8235422 is divided by 777.
776
What is the remainder when 114958 is divided by 737?
723
What is the remainder when 32381 is divided by 44?
41
Calculate the remainder when 1256 is divided by 1055.
201
What is the remainder when 25030 is divided by 12515?
0
Calculate the remainder when 22823 is divided by 541.
101
Calculate the remainder when 28590 is divided by 1188.
78
What is the remainder when 19504 is divided by 651?
625
Calculate the remainder when 21445 is divided by 129.
31
Calculate the remainder when 75780 is divided by 164.
12
What is the remainder when 376 is divided by 329?
47
What is the remainder when 3898 is divided by 328?
290
Calculate the remainder when 1549 is divided by 142.
129
Calculate the remainder when 291662 is divided by 263.
258
What is the remainder when 317644 is divided by 505?
504
What is the remainder when 153373 is divided by 30665?
48
Calculate the remainder when 1203082 is divided by 46.
44
Calculate the remainder when 8162 is divided by 2034.
26
Calculate the remainder when 39452 is divided by 19718.
16
What is the remainder when 28688 is divided by 1099?
114
What is the remainder when 14647 is divided by 19?
17
What is the remainder when 6889 is divided by 148?
81
Calculate the remainder when 2789 is divided by 369.
206
What is the remainder when 25254 is divided by 11?
9
What is the remainder when 3025 is divided by 201?
10
What is the remainder when 3092 is divided by 80?
52
What is the remainder when 10868 is divided by 1328?
244
What is the remainder when 4959 is divided by 423?
306
Calculate the remainder when 521 is divided by 300.
221
Calculate the remainder when 2476 is divided by 75.
1
What is the remainder when 1173 is divided by 68?
17
What is the remainder when 113759 is divided by 120?
119
Calculate the remainder when 480873 is divided by 257.
26
What is the remainder when 198063 is divided by 333?
261
Calculate the remainder when 62257 is divided by 20.
17
Calculate the remainder when 899381 is divided by 33.
32
Calculate the remainder when 148703 is divided by 286.
269
Calculate the remainder when 62283 is divided by 1271.
4
Calculate the remainder when 15572 is divided by 159.
149
Calculate the remainder when 35011 is divided by 3887.
28
Calculate the remainder when 17059 is divided by 121.
119
Calculate the remainder when 33555 is divided by 100.
55
Calculate the remainder when 14535 is divided by 854.
17
What is the remainder when 21340 is divided by 4252?
80
What is the remainder when 38065 is divided by 3806?
5
Calculate the remainder when 718 is divided by 231.
25
What is the remainder when 22004 is divided by 30?
14
Calculate the remainder when 88242 is divided by 3.
0
Calculate the remainder when 14561 is divided by 383.
7
What is the remainder when 37423 is divided by 370?
53
What is the remainder when 612230 is divided by 743?
741
What is the remainder when 87834 is divided by 2311?
16
Calculate the remainder when 149944 is divided by 402.
400
Calculate the remainder when 3740 is divided by 1715.
310
Calculate the remainder when 887 is divided by 438.
11
Calculate the remainder when 1074 is divided by 16.
2
What is the remainder when 39135 is divided by 515?
510
What is the remainder when 9215 is divided by 24?
23
What is the remainder when 2951 is divided by 641?
387
Calculate the remainder when 1789 is divided by 710.
369
Calculate the remainder when 9954 is divided by 395.
79
Calculate the remainder when 1885 is divided by 203.
58
What is the remainder when 12184 is divided by 7?
4
What is the remainder when 10127 is divided by 402?
77
What is the remainder when 7641 is divided by 1895?
61
Calculate the remainder when 34221 is divided by 283.
261
Calculate the remainder when 9204 is divided by 9.
6
What is the remainder when 19377 is divided by 69?
57
Calculate the remainder when 618 is divided by 470.
148
Calculate the remainder when 1489 is divided by 114.
7
Calculate the remainder when 172610 is divided by 959.
949
Calculate the remainder when 6103 is divided by 14.
13
Calculate the remainder when 168329 is divided by 36.
29
Calculate the remainder when 80223 is divided by 36.
15
What is the remainder when 3297 is divided by 1647?
3
What is the remainder when 103917 is divided by 48?
45
What is the remainder when 28726 is divided by 14361?
4
What is the remainder when 46494 is divided by 2703?
543
Calculate the remainder when 275257 is divided by 736.
729
Calculate the remainder when 527066 is divided by 87844.
2
What is the remainder when 50571 is divided by 7?
3
What is the remainder when 7559 is divided by 5995?
1564
Calculate the remainder when 60273 is divided by 274.
267
What is the remainder when 524620 is divided by 7389?
1
Calculate the remainder when 152174 is divided by 1654.
6
What is the remainder when 39342 is divided by 55?
17
Calculate the remainder when 3181 is divided by 404.
353
What is the remainder when 185366 is divided by 91?
90
What is the remainder when 90286 is divided by 38?
36
What is the remainder when 787903 is divided by 20?
3
Calculate the remainder when 125899 is divided by 74.
25
What is the remainder when 18768 is divided by 4427?
1060
Calculate the remainder when 14267 is divided by 24.
11
Calculate the remainder when 2196 is divided by 617.
345
What is the remainder when 819287 is divided by 108?
107
What is the remainder when 18726 is divided by 6238?
12
Calculate the remainder when 3246 is divided by 1017.
195
Calculate the remainder when 2560 is divided by 7.
5
Calculate the remainder when 3168 is divided by 542.
458
What is the remainder when 2438 is divided by 468?
98
Calculate the remainder when 134003 is divided by 14889.
2
Calculate the remainder when 1222 is divided by 62.
44
Calculate the remainder when 554228 is divided by 13.
12
Calculate the remainder when 3472 is divided by 365.
187
Calculate the remainder when 64760 is divided by 1353.
1169
What is the remainder when 584439 is divided by 161?
9
What is the remainder when 4715 is divided by 5?
0
Calculate the remainder when 7331 is divided by 6870.
461
What is the remainder when 540 is divided by 40?
20
What is the remainder when 162469 is divided by 46?
43
Calculate the remainder when 2273727 is divided by 285.
282
What is the remainder when 3557 is divided by 128?
101
Calculate the remainder when 7140 is divided by 717.
687
Calculate the remainder when 209417 is divided by 74.
71
Calculate the remainder when 1564 is divided by 510.
34
Calculate the remainder when 5643 is divided by 5638.
5
What is the remainder when 571519 is divided by 33?
25
Calculate the remainder when 1474 is divided by 66.
22
What is the remainder when 227128 is divided by 5977?
2
What is the remainder when 1065182 is divided by 11?
8
Calculate the remainder when 2233 is divided by 116.
29
What is the remainder when 5186 is divided by 13?
12
Calculate the remainder when 9240 is divided by 4615.
10
Calculate the remainder when 1396270 is divided by 19.
17
What is the remainder when 17249 is divided by 6?
5
What is the remainder when 72224 is divided by 52?
48
What is the remainder when 27095 is divided by 1007?
913
What is the remainder when 3415 is divided by 1105?
100
Calculate the remainder when 3968 is divided by 449.
376
Calculate the remainder when 59154 is divided by 92.
90
Calculate the remainder when 80364 is divided by 487.
9
What is the remainder when 73781 is divided by 8?
5
What is the remainder when 71700 is divided by 71678?
22
What is the remainder when 196 is divided by 102?
94
What is the remainder when 2384 is divided by 413?
319
What is the remainder when 7166 is divided by 204?
26
What is the remainder when 8711